65 is divided by 934.
197
What is the remainder when 12767 is divided by 1059?
59
What is the remainder when 26101 is divided by 64?
53
Calculate the remainder when 1783 is divided by 121.
89
What is the remainder when 1503 is divided by 231?
117
Calculate the remainder when 112600 is divided by 256.
216
Calculate the remainder when 4633218 is divided by 10.
8
What is the remainder when 451716 is divided by 90?
6
What is the remainder when 150655 is divided by 25?
5
Calculate the remainder when 5080 is divided by 27.
4
What is the remainder when 102827 is divided by 11423?
20
What is the remainder when 810 is divided by 195?
30
What is the remainder when 335654 is divided by 74?
64
What is the remainder when 15239 is divided by 18?
11
Calculate the remainder when 7202 is divided by 3426.
350
What is the remainder when 327108 is divided by 36342?
30
Calculate the remainder when 126592 is divided by 58.
36
Calculate the remainder when 342801 is divided by 109.
105
What is the remainder when 208301 is divided by 142?
129
What is the remainder when 42407 is divided by 12?
11
What is the remainder when 7246 is divided by 12?
10
Calculate the remainder when 257045 is divided by 257028.
17
What is the remainder when 57297 is divided by 150?
147
What is the remainder when 2377 is divided by 586?
33
Calculate the remainder when 39473 is divided by 13151.
20
What is the remainder when 2618 is divided by 323?
34
Calculate the remainder when 505 is divided by 265.
240
Calculate the remainder when 136102 is divided by 24.
22
Calculate the remainder when 284 is divided by 137.
10
What is the remainder when 19958 is divided by 487?
478
Calculate the remainder when 221024 is divided by 489.
485
Calculate the remainder when 931 is divided by 179.
36
Calculate the remainder when 150627 is divided by 44.
15
What is the remainder when 270335 is divided by 79?
76
Calculate the remainder when 1366014 is divided by 1892.
1882
What is the remainder when 10540 is divided by 3504?
28
What is the remainder when 160059 is divided by 124?
99
What is the remainder when 39979 is divided by 7992?
19
What is the remainder when 1151794 is divided by 212?
210
What is the remainder when 620 is divided by 206?
2
What is the remainder when 1474 is divided by 594?
286
What is the remainder when 769576 is divided by 805?
801
Calculate the remainder when 51865 is divided by 2161.
1
What is the remainder when 81066 is divided by 102?
78
Calculate the remainder when 55907 is divided by 215.
7
Calculate the remainder when 14351 is divided by 7174.
3
What is the remainder when 56340 is divided by 26?
24
What is the remainder when 4136 is divided by 279?
230
What is the remainder when 28516 is divided by 175?
166
Calculate the remainder when 5581 is divided by 242.
15
What is the remainder when 28230 is divided by 13?
7
Calculate the remainder when 50288 is divided by 33.
29
What is the remainder when 2074 is divided by 449?
278
Calculate the remainder when 44107 is divided by 37.
3
Calculate the remainder when 4873 is divided by 59.
35
What is the remainder when 455723 is divided by 94?
11
Calculate the remainder when 643718 is divided by 88.
86
Calculate the remainder when 1055 is divided by 319.
98
What is the remainder when 12519 is divided by 12182?
337
Calculate the remainder when 1522 is divided by 1427.
95
What is the remainder when 18293 is divided by 1452?
869
What is the remainder when 21063 is divided by 20804?
259
Calculate the remainder when 2980 is divided by 734.
44
Calculate the remainder when 351 is divided by 16.
15
What is the remainder when 593 is divided by 39?
8
Calculate the remainder when 120668 is divided by 554.
450
What is the remainder when 10294 is divided by 2482?
366
What is the remainder when 9913 is divided by 412?
25
What is the remainder when 2313 is divided by 756?
45
What is the remainder when 54520 is divided by 39?
37
What is the remainder when 22328 is divided by 14?
12
What is the remainder when 33903 is divided by 16945?
13
What is the remainder when 6490697 is divided by 1149?
1145
Calculate the remainder when 281165 is divided by 1654.
1639
What is the remainder when 17086 is divided by 1749?
1345
Calculate the remainder when 336414 is divided by 108.
102
What is the remainder when 14652 is divided by 188?
176
What is the remainder when 82 is divided by 20?
2
Calculate the remainder when 1575699 is divided by 18.
15
What is the remainder when 2113 is divided by 194?
173
Calculate the remainder when 293002 is divided by 108.
106
What is the remainder when 1437 is divided by 241?
232
Calculate the remainder when 63500 is divided by 125.
0
What is the remainder when 191755 is divided by 41?
39
What is the remainder when 2665 is divided by 2339?
326
What is the remainder when 1399 is divided by 299?
203
What is the remainder when 37282 is divided by 205?
177
Calculate the remainder when 144316 is divided by 90.
46
What is the remainder when 2777 is divided by 299?
86
What is the remainder when 6720 is divided by 199?
153
What is the remainder when 3227 is divided by 2322?
905
What is the remainder when 77073 is divided by 12?
9
What is the remainder when 13303 is divided by 146?
17
Calculate the remainder when 52741 is divided by 607.
539
Calculate the remainder when 2251 is divided by 379.
356
What is the remainder when 7743 is divided by 176?
175
What is the remainder when 10660 is divided by 31?
27
What is the remainder when 765643 is divided by 6125?
18
Calculate the remainder when 331379 is divided by 13.
9
What is the remainder when 1026493 is divided by 342164?
1
What is the remainder when 80628 is divided by 279?
276
Calculate the remainder when 57612 is divided by 57573.
39
What is the remainder when 156295 is divided by 983?
981
Calculate the remainder when 2169 is divided by 1024.
121
Calculate the remainder when 331283 is divided by 331270.
13
Calculate the remainder when 1324 is divided by 557.
210
Calculate the remainder when 1696 is divided by 170.
166
Calculate the remainder when 10202 is divided by 116.
110
Calculate the remainder when 3346 is divided by 481.
460
Calculate the remainder when 175281 is divided by 366.
333
Calculate the remainder when 614 is divided by 301.
12
What is the remainder when 41768 is divided by 48?
8
Calculate the remainder when 5430 is divided by 425.
330
Calculate the remainder when 114 is divided by 77.
37
Calculate the remainder when 54308 is divided by 890.
18
Calculate the remainder when 28943 is divided by 3215.
8
What is the remainder when 50023 is divided by 42?
1
Calculate the remainder when 24749 is divided by 1.
0
Calculate the remainder when 4212 is divided by 105.
12
Calculate the remainder when 2346804 is divided by 1370.
1364
What is the remainder when 121122 is divided by 271?
256
Calculate the remainder when 2936 is divided by 45.
11
Calculate the remainder when 48463 is divided by 16145.
28
What is the remainder when 15376 is divided by 58?
6
What is the remainder when 2170941 is divided by 16?
13
What is the remainder when 6514 is divided by 195?
79
Calculate the remainder when 502289 is divided by 16202.
27
Calculate the remainder when 9122 is divided by 314.
16
Calculate the remainder when 14284 is divided by 176.
28
Calculate the remainder when 8501 is divided by 2447.
1160
What is the remainder when 13435 is divided by 13416?
19
What is the remainder when 1645 is divided by 14?
7
Calculate the remainder when 121665 is divided by 17.
13
What is the remainder when 4359 is divided by 104?
95
What is the remainder when 284316 is divided by 79?
74
What is the remainder when 1936833 is divided by 67?
64
Calculate the remainder when 15908 is divided by 15903.
5
Calculate the remainder when 421 is divided by 132.
25
What is the remainder when 84659 is divided by 216?
203
What is the remainder when 3285 is divided by 3?
0
Calculate the remainder when 34343 is divided by 424.
423
Calculate the remainder when 160066 is divided by 53348.
22
Calculate the remainder when 5052 is divided by 4900.
152
What is the remainder when 33058 is divided by 99?
91
Calculate the remainder when 4722 is divided by 2324.
74
What is the remainder when 749481 is divided by 9?
6
Calculate the remainder when 1